ided by p.
6
Suppose -3*n = -2*d - 0 + 13, 5*d - 7 = -n. Suppose 0 = w + 2, -d*h - 4*w + 1 = -3. What is the remainder when 352/h + 8/(-12) is divided by 20?
18
Calculate the remainder when (2 + -11)/(12/(-8)) is divided by 3.
0
Let z(j) be the third derivative of j**4/8 - 3*j**3/2 + 2*j**2. Let r be z(6). Calculate the remainder when 21 is divided by (-202)/(-18) + (-2)/r.
10
What is the remainder when 1/((-1)/(-265)*5) is divided by 18?
17
Let x(t) = -t**3 - t**2 - t + 2. Calculate the remainder when 22 is divided by x(-2).
6
Let c(o) = -o. Let b(f) = 19*f + 1. Let t(q) = b(q) - 4*c(q). What is the remainder when 47 is divided by t(1)?
23
Suppose 2*j = -10*p + 14*p - 290, 2*p + j = 147. Calculate the remainder when p is divided by 19*(0 + 2/2).
16
Let x be -5*(-5)/((-25)/(-2)). Suppose -f + 33 = x*f. What is the remainder when 32 is divided by f?
10
Let k = -152 + 222. Calculate the remainder when k is divided by 24.
22
Let n = 14 - 7. Calculate the remainder when n is divided by 2.
1
Let h be (-4 + 0)*-2 - 1. Let x = 16 - h. What is the remainder when x is divided by 4?
1
Let v = -21 + 29. Let p = 2 - 3. Calculate the remainder when v is divided by (3/(-3))/(p/5).
3
Let b be ((-10)/40)/((-1)/28). Suppose 8 = 5*z - b. What is the remainder when 11 is divided by z?
2
Let j(h) = h**3 - 4*h**2 + 3*h. What is the remainder when 275/11 - (3 - 0) is divided by j(4)?
10
Let x(r) = 4*r - 7. Let k be (22/4 + -2)*8. Let q = k - 19. What is the remainder when x(6) is divided by q?
8
Let x = 12 - 2. Let b = 14 - -13. What is the remainder when b is divided by x?
7
Suppose -26 = 2*x - 4*x + 2*o, 3*x = 4*o + 42. Calculate the remainder when 29 is divided by x.
9
Let v(a) = a**3 - 5*a**2 + 4*a - 6. Calculate the remainder when 640/12 + 1/(-3) + 2 is divided by v(5).
13
Suppose 3*y - 186 = -y - 2*w, 3*w - 147 = -3*y. Let i be 0/2 + 1 + -15. Let x = 1 - i. What is the remainder when y is divided by x?
14
Let h(s) = 7*s**2 - 2*s - 6. Calculate the remainder when h(-2) is divided by 15.
11
What is the remainder when (-2)/(-8) + 95/4 is divided by 9?
6
Suppose -l - 8 = -3*l - 4*y, 2*l + 2*y = 6. Suppose 4*s = u + 36, 3*u + 10 = l*s - 8. Calculate the remainder when 35 is divided by s.
8
What is the remainder when 25 is divided by ((-6)/8)/((-2)/24)?
7
Suppose -2*q + 18 = -3*q. Let v = q + 30. Suppose 2*w = 8 + v. What is the remainder when 19 is divided by w?
9
Let p(s) = -10*s**2 - 6*s - 7*s - s**3 + 12 + 5*s. Let n be p(-9). What is the remainder when 1 is divided by 8/6 - 1/n?
0
Let x(w) = -150*w**3 + 2*w**2 + 2*w + 1. What is the remainder when x(-1) is divided by 38?
37
Suppose -8*j = -79 - 89. What is the remainder when 61 is divided by j?
19
Let n be (3 - (2 + -2)) + -19. Let y = n - -21. Calculate the remainder when y is divided by 3.
2
What is the remainder when 17 is divided by 0 + 6 - (-5)/(-5)?
2
Suppose 4*j = 5*b + 83, 4*b + 6 = 2*b. What is the remainder when j is divided by 9?
8
Let j be (-7 + -1)/(-1 + -1). Suppose -8*y = -j*y + 84. Let l = y + 32. Calculate the remainder when 19 is divided by l.
8
Suppose 10*n - 128 = 2*n. Calculate the remainder when 31 is divided by n.
15
Suppose -7*j + 2*j = -125. Calculate the remainder when 123 is divided by j.
23
Suppose -9*d = -64 - 134. What is the remainder when 152 is divided by d?
20
Suppose 5*s = -0*s + 25. Let j(p) = -p**3 - 5*p**2 + 3*p - 1. Suppose 4*r = -5*v - 9 - 25, 4*r = 4*v + 20. What is the remainder when j(v) is divided by s?
2
Let l = -1 - 9. Let g(t) = -t**2 - 12*t - 10. Let y = 10 + -6. What is the remainder when g(l) is divided by y?
2
Suppose 0 = 2*g - 4*g - u + 193, 5*u - 15 = 0. Calculate the remainder when g is divided by 24.
23
Let y be (-1)/3 - 895/15. Let c = 85 + y. Calculate the remainder when c is divided by 7.
4
Let o = 456 - 244. Suppose -4*x - 3*s + o = -2*s, -3*x - s + 159 = 0. Calculate the remainder when x is divided by 14.
11
Let f be 4/14 + 12/7. Let m(g) = g**2 + 2*g - f*g - 3*g + 4. What is the remainder when 14 is divided by m(4)?
6
Suppose -4*r - 2 = -118. What is the remainder when r is divided by 16?
13
Let m(g) = 18*g**2 + 5*g. Calculate the remainder when m(-1) is divided by 6.
1
Let y(z) = 5*z**2 - z + 3. What is the remainder when 39 is divided by y(2)?
18
Suppose 0 = -2*h + 109 + 55. Calculate the remainder when h is divided by 28.
26
Suppose -4*q + 14 = w, 1 + 3 = -4*q. Calculate the remainder when 71 is divided by w.
17
Let m(l) = 3*l**2 - l. Let r be m(1). Suppose 3*s = 2*s + r. Calculate the remainder when 2/((-1)/1)*-1 is divided by s.
0
Suppose 3*l - g = 166, g = l - 5 - 53. What is the remainder when 4 is divided by (1/(-3))/((-6)/l)?
1
Suppose -2*s = 4*p, 2*s - p = -s. Suppose 3*b + 53 = -n, s = n + 4*b + 17 + 39. Let d = n - -73. Calculate the remainder when d is divided by 15.
14
Suppose z - 3*t = 21 + 18, -179 = -5*z - t. Suppose 4*i + 3*q - 36 + 0 = 0, z = 4*i - 4*q. Calculate the remainder when 17 is divided by i.
8
Let t be (-4)/10 + 114/(-15). What is the remainder when 7 is divided by (-17)/(-5) + t/20?
1
Suppose d = -3*n + 10, -2*d + 20 = -4*n + 2*n. What is the remainder when d is divided by 8?
2
Let n(m) = 20*m**2 + 4*m - 5. Calculate the remainder when n(2) is divided by 14.
13
Let m(x) be the third derivative of -x**5/60 - x**4/4 + x**3/6 + 2*x**2. What is the remainder when 28 is divided by m(-3)?
8
Suppose 2 = 3*d - 4. Let p = 5 + d. Let c = 10 + -6. Calculate the remainder when p is divided by c.
3
Suppose -5*w + 55 + 55 = 0. Calculate the remainder when 85 is divided by w.
19
Calculate the remainder when 101 is divided by 15/60 + (-51)/(-4).
10
Calculate the remainder when (0 - 3)/(21/(-483)) is divided by 18.
15
Suppose -5*m + m = -8. Let p be m/5 + 6/10. Suppose 3*w - 4*d - p = 0, 4*w - 3 = -0*d + 5*d. What is the remainder when 20 is divided by w?
6
Suppose -q + 2*d = -3*q + 76, 3*q - 5*d = 74. Let n(j) = j**3 + 6*j**2 + j - 3. Calculate the remainder when q is divided by n(-5).
16
Let o = -4 + 20. Suppose -78 = -3*p + 4*w, 5*w = 2*p - 22 - 23. Calculate the remainder when p is divided by o.
14
Suppose 3*j + 0*j = 108. Suppose 2*g - 3*c - 2 = -0, 2*c - j = -4*g. What is the remainder when 18 is divided by g?
4
Let q = 46 + -20. What is the remainder when q is divided by 7?
5
Suppose 2*s + 289 = 5*s + q, q = -4*s + 386. What is the remainder when s is divided by 33?
31
Let a be 1/(-1 - (-4)/3). Let v(p) = -p**3 + 8*p**2 - 6*p + 6. Calculate the remainder when 2/a - 112/(-3) is divided by v(7).
12
Suppose -5*y + i = -104, -4*y = -7*y - 4*i + 44. What is the remainder when (12/(-18) - (-470)/12)*2 is divided by y?
17
Let a be 1 + -16 - -3 - 3. Let z = a + 17. Calculate the remainder when 3 is divided by z.
1
Let c = -3 - -5. Let d be c/2 - (-480)/4. Suppose d = 4*x + 33. What is the remainder when x is divided by 6?
4
Suppose 0 = 4*n - 176 - 28. Calculate the remainder when n is divided by -1*(3 + 0 + -16).
12
Suppose -3*z - 4*f = -61, -3*z - 3*f + 57 = -0*z. What is the remainder when (-3*3)/(1/(-3)) is divided by z?
12
What is the remainder when 85 is divided by ((-2)/(-3) - 1)*-87?
27
Suppose -4*j - 4 = 0, 237 + 422 = 5*x + j. Suppose -4*h - 44 = -f, -3*f + 2*h - x = -8*f. Calculate the remainder when f is divided by 4/(-6)*-15 - 0.
8
Let f = -32 - -33. Let q = 1 + 1. Calculate the remainder when q is divided by f.
0
Let b(n) = n - 1. Let h be b(4). What is the remainder when -31*(-5 + 12/h) is divided by 16?
15
Suppose -4*l + 5*s + 2 = -15, 0 = -s + 3. Suppose 80 + l = 2*z. Suppose -d + z = d. Calculate the remainder when d is divided by 12.
10
Suppose -8*f = -4*f + 12, -170 = -5*m - 5*f. What is the remainder when m is divided by 13?
11
Let k(o) be the first derivative of o**4/4 + 10*o**3/3 + 3*o**2 - 13*o - 2. Calculate the remainder when 41 is divided by k(-9).
13
Let s be 2/(-9) - 634/(-18). What is the remainder when 4/(-14) + 2565/s is divided by 19?
16
Let j be (-4)/12 + 344/6. Suppose -2*h + 183 - j = 0. Suppose -31 = -2*n + h. What is the remainder when n is divided by 16?
15
Let l(j) = 5*j**2 - 2*j + 1. What is the remainder when l(2) is divided by 5?
2
Suppose 0 = 5*i - 10, 5*x - 4*i + 8*i = 18. Suppose x + 4 = t. Suppose -3*h + t = -6. What is the remainder when h is divided by 2?
0
Suppose -3*i - 3*i + 552 = 0.